9/28*4. What are the prime factors of (2/8)/(47/f)?
2, 157
Suppose -259*j = -256*j - 6. What are the prime factors of (1 + (-4 - 55))*(-10)/j?
2, 5, 29
Let i = -52 - -64. Suppose -i*z - 16 = -16*z. Suppose -618 + 146 = -z*k. What are the prime factors of k?
2, 59
Let j = -77 - -92. Let i be j/((-525)/(-18670)) + 4/7. Suppose -4*r + 6*r + i = 3*h, 5*h - 4*r = 892. List the prime factors of h.
2, 11
List the prime factors of -8 + (1 - -60301 - -8).
2, 11, 2741
Suppose v = i - 111, i + 5*v - 9*v = 111. Suppose p = 106 + i. List the prime factors of p.
7, 31
Let y(f) be the second derivative of 5*f**4/3 - 3*f**3/2 + 11*f**2 + 66*f. What are the prime factors of y(4)?
2, 3, 17
Let y be (7/(-3))/7*0. Suppose -6*h - 5*h + 154 = y. Let r(q) = -2*q**2 + 34*q + 10. List the prime factors of r(h).
2, 47
Let h(g) = -8*g + 42. Let k be (18/(-8) + 2)*-20. Let q be h(k). Suppose -2*p + 275 = -m, -q*m = -2*p + m + 281. List the prime factors of p.
2, 17
Suppose z - 65 = -a, z - 4*a - 47 = a. Let x = -60 + z. Suppose 0 = -2*p - 3*s + 487, -x*s - 261 = -p - 0*p. What are the prime factors of p?
251
Let z(a) = 23*a**2 + 93*a - 2948. What are the prime factors of z(40)?
2, 3, 31, 101
Let j(d) = 17*d + 25. Let y be j(13). Suppose 2*a - a = -y. Let s = a + 354. List the prime factors of s.
2, 3
Suppose -23*v + 17*v = -2406. Let f = v + -182. What are the prime factors of f?
3, 73
Let a(o) = 112*o**3 + 11*o**2 - 4*o - 34. What are the prime factors of a(4)?
2, 7, 521
Suppose -x = -5*j - 19, 2*j - 7*j + 26 = 4*x. Let o be (-3 + x)*(-2 + 9). Suppose 2*v + o = 2*h, v + 0*v + 63 = 3*h. What are the prime factors of h?
3, 7
Let n be 2 - 2553 - (2 - 5/(-5)). Let t = n + 3738. List the prime factors of t.
2, 37
Suppose -2*p - 1182 = -4*v, 312 = v + 3*p + 2*p. Let l = v - -432. List the prime factors of l.
3
Suppose -17*x = -22*x - 3*j + 83155, 0 = -x - 5*j + 16609. List the prime factors of x.
2, 8317
Suppose -4*x = 2*q - q - 214, q - 206 = 4*x. What are the prime factors of 19122/28 + 15/q?
683
Suppose -21 - 27 = -12*k. Suppose -7 - 349 = -k*b. What are the prime factors of b?
89
Suppose 7*t + 5*l + 33361 = 115822, 5*l + 35319 = 3*t. List the prime factors of t.
2, 3, 13, 151
List the prime factors of (1065/45 - 24)*(0 - 16143).
5381
List the prime factors of (-120110)/(-40) - 8/(-32).
3, 7, 11, 13
Let x(a) = -a**3 - 2*a**2 - 4*a - 5. Let b be x(-5). Suppose t - 2*g - 87 = 0, t - b = g - 0*g. Suppose -t + 231 = 2*w. List the prime factors of w.
3, 23
Let b be (26*(-7)/6)/((-4)/12). What are the prime factors of (9/((-252)/b))/((-2)/944)?
2, 13, 59
Suppose 5*z = v + 51, -63 = v + 2*z - 3*z. Let q be 2*v/(-32) + 7/(-56). Suppose q*b - 596 = 4*r, 5*b = -0*b - 5*r + 715. What are the prime factors of b?
2, 73
Suppose 5*z = 4*z + 399. Let y = 1556 + -1550. Suppose z + 105 = y*u. What are the prime factors of u?
2, 3, 7
Suppose -8*g = 3*l - 506608, 5*g - 159*l - 316685 = -154*l. What are the prime factors of g?
7, 83, 109
Let c = 2930 - 1262. List the prime factors of c.
2, 3, 139
Let r = 398 - 307. Let o be (3 - 0)*-24 + 0. Let h = r + o. What are the prime factors of h?
19
Suppose 4*j - 35 = 29. Suppose -3*q + 4*v - 16 = 0, -j = -3*q - 3*v - v. Suppose q*d - 97 = -d. List the prime factors of d.
97
Let y(f) be the first derivative of -f**4/4 + f**3 + 3*f**2 - 4*f - 1520. Let z = -2 - -6. List the prime factors of y(z).
2
Let q(u) = 7*u**3 - 19*u**2 + 114*u - 2. List the prime factors of q(7).
2, 11, 103
Let h = 17 - 1. Let c be h/28 + (-283)/(-7). Let d = c + -27. What are the prime factors of d?
2, 7
Suppose -24 = 12*d - 72. List the prime factors of (-8163)/(-81) - d/(-18).
101
List the prime factors of 108/30*(-40)/(-16)*749.
3, 7, 107
What are the prime factors of (-5 + 5 + 3)*(25 - -2398)?
3, 2423
Suppose 3 = 44*u - 43*u. Suppose u*n - 15 = -0. Suppose -3*w = -b + 133, 605 = -b + 6*b + n*w. What are the prime factors of b?
2, 31
Suppose -53*l + 54*l - 3*d = 1058, -5*l - 2*d + 5358 = 0. List the prime factors of l.
2, 5, 107
Suppose -3 = -4*n + 25. Let s(t) = 3*t**2 + 39*t - 15. List the prime factors of s(n).
3, 5
Let i = 8 + 2. Let d(q) = q**2 + i + 0*q - 4*q - 3*q + 6*q. List the prime factors of d(3).
2
Let v(u) = 14*u + 109. Let q be v(3). Suppose 8*w - q - 1001 = 0. List the prime factors of w.
2, 3
Let u(j) = 23*j**3 - 6*j**2 - 15*j + 90. Let m(l) = 11*l**3 - 3*l**2 - 8*l + 45. Let d(f) = 7*m(f) - 3*u(f). List the prime factors of d(4).
3, 5, 31
Suppose -413613 = -214*m + 173*m - 9558. List the prime factors of m.
3, 5, 73
Let z be 1418/(-10) + 0 - (-1)/(-5). Let g = z + 478. Suppose 5*b + g = 13*b. List the prime factors of b.
2, 3, 7
Let q(a) = -a**2 + 9*a + 3. Let b be q(9). Suppose -n - 1219 = -3*m, -12 = b*n - 0. Let v = 624 - m. List the prime factors of v.
3, 73
Suppose -4*r = 0, -3*f = -4*f + 5*r + 4. Let u(a) = -2*a - 98 + 2*a + 96 + a**3 - 2*a. List the prime factors of u(f).
2, 3
Let n(h) be the first derivative of 405*h**2/2 + 72*h - 121. What are the prime factors of n(3)?
3, 11, 13
Let n = 77 - 79. Let g be (n/4)/(1 - 455/462). Let j = g + 282. What are the prime factors of j?
3, 83
Let x be (20868/18)/((-2)/(-3)). Suppose 2*y - x = 607. What are the prime factors of y?
3, 17, 23
Suppose -57*d = -3*t - 52*d - 186, 0 = -2*t - 4*d - 146. Suppose 5*n - 9 = -34, -3*n = 4*w + 451. Let k = t - w. What are the prime factors of k?
2, 3, 7
Suppose -3*g + 6291 = -0*g. List the prime factors of g.
3, 233
Suppose 3*g - 2262 = -4*c, 1700 = 3*c - 0*g + 4*g. Let o be c*(1/(-10) + 6/10). Suppose -5*r = -3*f + o, -f - 2*f - 5*r = -252. What are the prime factors of f?
89
Let c = -221 - -223. Suppose 5*i + 742 = 2*w + 7*i, -c*i - 1098 = -3*w. What are the prime factors of w?
2, 23
Let a = 904 - 790. What are the prime factors of a?
2, 3, 19
Suppose 2067 + 2871 = 3*m. List the prime factors of m.
2, 823
Suppose -49*g + 548499 = 31*g - 510541. What are the prime factors of g?
2, 6619
Let m = 6006 - -52619. What are the prime factors of m?
5, 7, 67
Let f(o) = 2425*o**2 + 16*o + 17. List the prime factors of f(4).
59, 659
Suppose -3*c + 408 - 396 = 0. Suppose 5*p - 2870 = -c*j, -2*p + p = -2. What are the prime factors of j?
5, 11, 13
Let n(o) = -20*o - 93. Let k(t) = 14*t - 113. Let g be k(7). List the prime factors of n(g).
3, 23
Let b be 18/(4 - 268/66). Let y = 176 - b. List the prime factors of y.
11, 43
Suppose 5*p - 35979 = -3*b, -2*p - 2*b + 8808 + 5582 = 0. What are the prime factors of p?
3, 2399
Let z(w) = -357*w + 1569. Let r(a) = -36*a + 157. Let n(l) = -21*r(l) + 2*z(l). What are the prime factors of n(7)?
3, 5
Suppose 5*d = 6 - 11, -5*d + 991 = 3*s. List the prime factors of s.
2, 83
Suppose 5*n + 0*n + 30 = 0. Let w be ((-834)/(-9))/((-4)/n). Suppose 152 + w = 3*a. What are the prime factors of a?
97
Let b(n) = n**3 + 10*n**2 + 7*n + 23. Let a be b(-5). Let y = a - -121. List the prime factors of y.
2, 3, 13
Suppose 0 = b + 2, 4*j - 2*b - 18 = b. Let s(m) = 127*m - 41. What are the prime factors of s(j)?
2, 5, 17
Suppose 8*t = 7*t + 10. Suppose -r = -4*z + 614, -2*z + 11*r = t*r - 308. What are the prime factors of z?
3, 17
Suppose 5*h + 345 = -3*y + 2*h, 0 = 3*y - 5*h + 305. Suppose -3*r + 535 = 22. Let v = y + r. What are the prime factors of v?
61
Let z = 7992 + -5543. List the prime factors of z.
31, 79
Let i = -22630 - -44976. List the prime factors of i.
2, 11173
Let x = 36794 + -21376. List the prime factors of x.
2, 13, 593
Let s be (-5)/4*-329 - 29/116. Suppose -10131 = -9*b - s. List the prime factors of b.
2, 3, 5
Let d(n) = -58 - 8*n + 6*n - n**2 - 11 - 26*n. What are the prime factors of d(-14)?
127
Let f be (10 + -22)/((-8)/6). Let t(x) = 18*x**2 - 15*x + 63. What are the prime factors of t(f)?
2, 3, 7, 11
Let d be (8/(-10))/(14/(-105)). Suppose 678 + 2040 = d*q. What are the prime factors of q?
3, 151
Let a(u) = -47*u**3 + 20*u**2 + 47*u - 11. What are the prime factors of a(-7)?
3, 37, 151
What are the prime factors of 177/(72/1314*(-3)/(-8))?
2, 59, 73
Suppose -4*s - 21439 = -3*j, -4*j + 16*s - 15*s = -28568. What are the prime factors of j?
37, 193
Let x(j) = j - 8. Let s be x(11). Suppose -150 = s*a - 5*a + 4*k, 2*a + 4*k = 190. List the prime factors of a.
5, 17
Let f = 4 - 71. Let d = -97 - f. Let u = 1 - d. List the prime factors 